 remainder when 692429 is divided by 9890.
129
What is the remainder when 1012513 is divided by 67491?
148
Calculate the remainder when 1371153 is divided by 919.
5
Calculate the remainder when 6679 is divided by 1952.
823
What is the remainder when 6108 is divided by 2974?
160
Calculate the remainder when 115769 is divided by 12863.
2
Calculate the remainder when 1116609 is divided by 32.
1
Calculate the remainder when 60076257 is divided by 3046.
3045
Calculate the remainder when 29334676 is divided by 820.
816
Calculate the remainder when 1321476 is divided by 140.
16
What is the remainder when 197837 is divided by 32800?
1037
Calculate the remainder when 1102199 is divided by 5299.
7
Calculate the remainder when 63965132 is divided by 9137871.
35
Calculate the remainder when 8676522 is divided by 160676.
18
Calculate the remainder when 3316305 is divided by 207269.
1
What is the remainder when 447803 is divided by 402?
377
What is the remainder when 1076760 is divided by 358760?
480
What is the remainder when 62124 is divided by 428?
64
Calculate the remainder when 8683727 is divided by 201940.
307
Calculate the remainder when 14154516 is divided by 95.
86
Calculate the remainder when 55066874 is divided by 8230.
8174
Calculate the remainder when 83904 is divided by 40874.
2156
What is the remainder when 342466 is divided by 5687?
1246
Calculate the remainder when 185510 is divided by 945.
290
What is the remainder when 30639366 is divided by 2910?
2886
Calculate the remainder when 5717770 is divided by 18094.
66
Calculate the remainder when 306006 is divided by 305915.
91
Calculate the remainder when 460453 is divided by 1217.
427
What is the remainder when 682591773 is divided by 8?
5
Calculate the remainder when 356416 is divided by 43223.
10632
What is the remainder when 4307448 is divided by 6270?
6228
Calculate the remainder when 74190 is divided by 1177.
39
What is the remainder when 84332837 is divided by 22?
17
Calculate the remainder when 1213782 is divided by 86696.
38
What is the remainder when 377488619 is divided by 54?
53
What is the remainder when 22949363 is divided by 68917?
2
Calculate the remainder when 2061075 is divided by 412210.
25
What is the remainder when 239835 is divided by 28473?
12051
Calculate the remainder when 1856696 is divided by 325.
296
Calculate the remainder when 672736 is divided by 8967.
211
Calculate the remainder when 35801101 is divided by 39.
37
Calculate the remainder when 9592703 is divided by 51.
11
Calculate the remainder when 32678001 is divided by 10892664.
9
Calculate the remainder when 1400697 is divided by 1722.
711
What is the remainder when 232459 is divided by 8594?
421
What is the remainder when 939811 is divided by 342?
337
Calculate the remainder when 602503 is divided by 301237.
29
What is the remainder when 6284967 is divided by 148?
147
Calculate the remainder when 4825739 is divided by 3215.
24
Calculate the remainder when 365620 is divided by 91328.
308
What is the remainder when 47293129 is divided by 86?
9
Calculate the remainder when 322238 is divided by 64433.
73
What is the remainder when 2155097 is divided by 2231?
2182
Calculate the remainder when 8216401 is divided by 40080.
1
Calculate the remainder when 4423624 is divided by 315973.
2
What is the remainder when 61904 is divided by 439?
5
Calculate the remainder when 122346 is divided by 19747.
3864
What is the remainder when 61746 is divided by 6102?
726
Calculate the remainder when 440089 is divided by 3743.
2158
What is the remainder when 4031402 is divided by 12598?
42
What is the remainder when 1211854 is divided by 1211835?
19
What is the remainder when 362798 is divided by 120932?
2
Calculate the remainder when 21824 is divided by 10333.
1158
What is the remainder when 15171318 is divided by 2869?
46
Calculate the remainder when 19164755 is divided by 62.
59
Calculate the remainder when 705368 is divided by 230.
188
What is the remainder when 995876 is divided by 645?
641
What is the remainder when 11996200 is divided by 385?
370
Calculate the remainder when 33950457 is divided by 205.
202
Calculate the remainder when 293714 is divided by 3848.
1266
What is the remainder when 3669857 is divided by 1397?
1335
What is the remainder when 85347 is divided by 28282?
501
Calculate the remainder when 10293090 is divided by 686197.
135
Calculate the remainder when 21587242 is divided by 5350.
5342
Calculate the remainder when 4243808 is divided by 146338.
6
What is the remainder when 726018 is divided by 41?
31
Calculate the remainder when 31742 is divided by 5773.
2877
Calculate the remainder when 17482428 is divided by 178.
158
What is the remainder when 6877118 is divided by 1719279?
2
Calculate the remainder when 1112318 is divided by 8639.
6526
Calculate the remainder when 1231374 is divided by 2080.
14
Calculate the remainder when 32528 is divided by 336.
272
What is the remainder when 57066 is divided by 6716?
3338
What is the remainder when 458839 is divided by 229145?
549
Calculate the remainder when 7552827 is divided by 2517609.
0
Calculate the remainder when 13100590 is divided by 1190959.
41
What is the remainder when 1830968 is divided by 1830930?
38
What is the remainder when 1411612 is divided by 95?
7
What is the remainder when 696026 is divided by 5751?
155
What is the remainder when 52477089 is divided by 4985?
4979
What is the remainder when 36030 is divided by 10986?
3072
Calculate the remainder when 25885831 is divided by 892.
883
Calculate the remainder when 20643080 is divided by 688102.
20
What is the remainder when 1228966 is divided by 7229?
36
What is the remainder when 12715175 is divided by 6595?
15
What is the remainder when 7469060 is divided by 1832?
1828
What is the remainder when 268184859 is divided by 11?
8
Calculate the remainder when 14390281 is divided by 103527.
28
Calculate the remainder when 16203615 is divided by 5401181.
72
Calculate the remainder when 3939077 is divided by 1387.
1384
Calculate the remainder when 58991801 is divided by 13.
11
Calculate the remainder when 1407637 is divided by 1077.
1075
Calculate the remainder when 523405 is divided by 928.
13
Calculate the remainder when 1465278 is divided by 293034.
108
Calculate the remainder when 557251000 is divided by 5346.
5344
Calculate the remainder when 36768628 is divided by 200.
28
What is the remainder when 846095708 is divided by 6095?
6093
Calculate the remainder when 352715 is divided by 12137.
742
Calculate the remainder when 313323 is divided by 2457.
1284
Calculate the remainder when 1725177 is divided by 862585.
7
Calculate the remainder when 27342525 is divided by 10.
5
Calculate the remainder when 19290595 is divided by 9645297.
1
Calculate the remainder when 3691322 is divided by 98.
54
Calculate the remainder when 75564 is divided by 456.
324
What is the remainder when 7226655 is divided by 2893?
2834
Calculate the remainder when 288599389 is divided by 150.
139
Calculate the remainder when 1259272 is divided by 2044.
168
What is the remainder when 6968017 is divided by 13992?
1
Calculate the remainder when 3198537 is divided by 5641.
90
What is the remainder when 411214350 is divided by 178?
174
What is the remainder when 30932818 is divided by 207?
187
What is the remainder when 26906248 is divided by 374?
314
What is the remainder when 4729831 is divided by 99?
7
Calculate the remainder when 3073232 is divided by 469.
344
What is the remainder when 59342 is divided by 29081?
1180
What is the remainder when 89171 is divided by 130?
121
What is the remainder when 31142 is divided by 1625?
267
What is the remainder when 328853 is divided by 63?
56
Calculate the remainder when 102999214 is divided by 313.
304
What is the remainder when 20646660 is divided by 2949507?
111
Calculate the remainder when 8713815 is divided by 1083.
1080
Calculate the remainder when 10140 is divided by 3383.
3374
What is the remainder when 78216 is divided by 235?
196
Calculate the remainder when 7766434 is divided by 6510.
4
Calculate the remainder when 623467 is divided by 2010.
367
Calculate the remainder when 1466903 is divided by 293339.
208
What is the remainder when 2362382 is divided by 706?
106
Calculate the 